88254?
946
What is the greatest common factor of 26712 and 4293?
477
Calculate the greatest common factor of 4 and 236602.
2
What is the greatest common factor of 2547 and 48959?
283
Calculate the highest common factor of 2928189 and 534.
267
Calculate the highest common divisor of 36449 and 7.
7
Calculate the greatest common factor of 99 and 335742.
33
Calculate the greatest common factor of 4326 and 10506.
618
Calculate the highest common divisor of 5265 and 20.
5
What is the greatest common divisor of 26300 and 6900?
100
Calculate the greatest common factor of 78631 and 2303.
329
Calculate the greatest common divisor of 397089 and 11.
11
What is the greatest common divisor of 111825 and 2625?
525
Calculate the greatest common factor of 18843 and 3201.
33
Calculate the highest common divisor of 30814 and 1.
1
What is the greatest common divisor of 1875 and 120?
15
What is the greatest common divisor of 783 and 4509?
27
What is the highest common factor of 6888 and 108732?
492
Calculate the highest common divisor of 2730 and 68978.
182
Calculate the greatest common divisor of 705 and 8445.
15
Calculate the highest common factor of 205 and 19147.
41
What is the highest common factor of 30632 and 371?
7
Calculate the highest common divisor of 9765 and 21.
21
Calculate the highest common divisor of 530 and 250.
10
Calculate the highest common divisor of 44032 and 184.
8
What is the highest common factor of 12200217 and 4062?
2031
What is the highest common divisor of 146659 and 187?
17
What is the highest common divisor of 280 and 2740?
20
Calculate the greatest common divisor of 5935 and 8.
1
What is the highest common factor of 51091 and 38?
19
Calculate the greatest common factor of 189 and 9508779.
189
What is the highest common divisor of 86609 and 15502?
337
Calculate the greatest common divisor of 8 and 758.
2
Calculate the highest common factor of 304 and 46132.
76
Calculate the greatest common factor of 6846 and 21.
21
Calculate the highest common factor of 1710 and 1175454.
342
Calculate the greatest common factor of 28160 and 133440.
320
What is the highest common factor of 188560 and 3120?
80
Calculate the highest common divisor of 6090 and 11910.
30
Calculate the highest common divisor of 90036 and 87291.
549
What is the highest common factor of 160304 and 5825?
233
What is the greatest common divisor of 349676 and 4708?
428
Calculate the greatest common factor of 1948350 and 186.
186
Calculate the greatest common divisor of 18172 and 32956.
308
Calculate the greatest common divisor of 125137 and 51.
17
Calculate the greatest common factor of 1910836 and 53516.
3148
Calculate the highest common divisor of 259063 and 2499.
833
What is the greatest common divisor of 97 and 1246741?
97
What is the greatest common factor of 15549 and 1898?
73
Calculate the highest common factor of 567 and 32501.
7
What is the greatest common factor of 18 and 1248084?
18
Calculate the greatest common divisor of 51 and 3258.
3
Calculate the highest common divisor of 774 and 57906.
18
What is the greatest common factor of 20720 and 5600?
560
What is the greatest common factor of 654282 and 652?
326
Calculate the greatest common divisor of 1472 and 56.
8
Calculate the greatest common divisor of 106 and 946474.
106
Calculate the highest common factor of 156 and 23148.
12
What is the highest common divisor of 180 and 6645?
15
Calculate the highest common divisor of 3629 and 17190.
191
Calculate the highest common factor of 196 and 58555.
49
Calculate the highest common divisor of 1166 and 18370.
22
Calculate the greatest common divisor of 65653 and 9492.
791
Calculate the highest common divisor of 14355 and 1827.
261
What is the greatest common divisor of 154 and 199850?
14
Calculate the highest common divisor of 63395 and 18600.
155
Calculate the highest common divisor of 35446 and 32782.
74
Calculate the highest common divisor of 8118062 and 604.
302
Calculate the highest common divisor of 947365 and 2.
1
What is the greatest common divisor of 2855371 and 101?
101
Calculate the greatest common divisor of 26937 and 3.
3
What is the highest common factor of 1439392 and 64?
32
What is the highest common factor of 2134 and 110?
22
Calculate the greatest common divisor of 172 and 17114.
86
Calculate the greatest common factor of 31089 and 1548.
129
Calculate the highest common divisor of 18694 and 754.
26
What is the highest common divisor of 99 and 369567?
99
Calculate the highest common factor of 1662 and 402.
6
Calculate the highest common divisor of 270090 and 234.
18
What is the highest common divisor of 276 and 113804?
92
What is the greatest common factor of 4566 and 6?
6
Calculate the highest common divisor of 83770 and 330.
10
Calculate the greatest common divisor of 70048 and 1760.
352
What is the greatest common factor of 9316 and 16440?
548
What is the highest common divisor of 4964 and 13940?
68
Calculate the greatest common factor of 246530 and 7120.
890
What is the greatest common factor of 34976 and 736?
32
Calculate the highest common factor of 38397 and 30.
3
What is the greatest common divisor of 2460 and 704175?
615
What is the highest common divisor of 1166 and 202?
2
What is the highest common factor of 12976 and 544?
16
What is the highest common divisor of 1197 and 57722?
133
Calculate the highest common factor of 9989 and 455.
7
Calculate the greatest common divisor of 988 and 34466.
38
What is the greatest common factor of 160 and 510280?
40
Calculate the highest common divisor of 135505 and 3485.
205
What is the greatest common factor of 848 and 87728?
16
Calculate the greatest common factor of 6904 and 102.
2
Calculate the highest common factor of 22358 and 56.
14
Calculate the highest common divisor of 343671 and 291.
291
Calculate the highest common factor of 22523 and 2899.
223
Calculate the greatest common divisor of 273328 and 2816.
176
What is the highest common divisor of 10814219 and 13?
13
Calculate the greatest common factor of 3 and 21.
3
What is the greatest common factor of 2000 and 680?
40
What is the highest common factor of 2223 and 968175?
117
Calculate the greatest common divisor of 446701 and 37.
37
What is the highest common divisor of 8100120 and 28?
28
Calculate the greatest common factor of 4959 and 2394.
171
Calculate the highest common divisor of 2808445 and 31.
31
What is the highest common factor of 31 and 67?
1
What is the highest common divisor of 7598 and 986?
58
What is the greatest common divisor of 156 and 264368?
52
What is the greatest common divisor of 1017 and 14464?
113
Calculate the greatest common factor of 6850 and 280165.
685
What is the greatest common factor of 970996 and 526?
526
Calculate the highest common divisor of 345969 and 1053.
117
What is the greatest common divisor of 5074 and 774?
86
Calculate the greatest common divisor of 759 and 5682886.
253
What is the highest common factor of 3007 and 992?
31
What is the highest common divisor of 2209 and 4667617?
2209
Calculate the highest common factor of 295 and 3876713.
59
What is the greatest common factor of 742335 and 2178?
363
Calculate the greatest common divisor of 49666 and 2014.
38
Calculate the greatest common divisor of 17 and 20789.
1
What is the greatest common factor of 36897 and 28614?
753
Calculate the highest common factor of 368984 and 88.
88
What is the greatest common divisor of 85 and 2319293?
17
What is the greatest common divisor of 235 and 74213?
47
Calculate the highest common factor of 165671 and 11.
11
What is the highest common divisor of 148480 and 145?
145
What is the greatest common factor of 9460 and 6640?
20
What is the greatest common divisor of 1972 and 2873?
17
Calculate the highest common factor of 6 and 9743.
1
What is the highest common divisor of 400 and 25240?
40
What is the greatest common divisor of 671 and 57145?
11
What is the greatest common divisor of 11 and 353551?
11
What is the greatest common factor of 29511 and 54?
27
What is the greatest common factor of 25872 and 1225?
49
Calculate the highest common divisor of 1842636 and 1032.
516
Calculate the greatest common divisor of 10527 and 3.
3
What is the greatest common factor of 1867591 and 404?
101
What is the highest common factor o